me factors of 1396930.
2, 5, 29, 4817
What are the prime factors of 7007582?
2, 101, 113, 307
What are the prime factors of 9324551?
17, 548503
What are the prime factors of 462920?
2, 5, 71, 163
What are the prime factors of 1930302?
2, 3, 11, 9749
What are the prime factors of 3448459?
7, 23, 21419
What are the prime factors of 1151255?
5, 7, 37, 127
List the prime factors of 126735.
3, 5, 7, 17, 71
List the prime factors of 269771.
101, 2671
List the prime factors of 473171.
269, 1759
What are the prime factors of 160759?
19, 8461
What are the prime factors of 905978?
2, 452989
List the prime factors of 138804.
2, 3, 43, 269
List the prime factors of 21411.
3, 13, 61
List the prime factors of 29192655.
3, 5, 17, 239, 479
What are the prime factors of 1703346?
2, 3, 313, 907
List the prime factors of 6998170.
2, 5, 699817
List the prime factors of 1693637.
11, 13997
What are the prime factors of 568109?
568109
What are the prime factors of 4054419?
3, 331, 1361
What are the prime factors of 221251?
221251
What are the prime factors of 165819?
3, 31, 1783
What are the prime factors of 166760?
2, 5, 11, 379
What are the prime factors of 6196?
2, 1549
What are the prime factors of 789346?
2, 394673
What are the prime factors of 4495453?
4495453
What are the prime factors of 3579989?
7, 73061
What are the prime factors of 377368?
2, 43, 1097
List the prime factors of 297220.
2, 5, 7, 11, 193
What are the prime factors of 74454?
2, 3, 12409
What are the prime factors of 2814778?
2, 1407389
List the prime factors of 5798134.
2, 2899067
List the prime factors of 22327278.
2, 3, 3721213
What are the prime factors of 26618?
2, 13309
List the prime factors of 2744473.
29, 101, 937
What are the prime factors of 6275533?
11, 17, 37, 907
List the prime factors of 268392.
2, 3, 53, 211
List the prime factors of 560604.
2, 3, 11, 31, 137
What are the prime factors of 4214616?
2, 3, 7, 25087
What are the prime factors of 1702561?
7, 29, 8387
List the prime factors of 8191401.
3, 293, 9319
List the prime factors of 161547.
3, 53849
List the prime factors of 409399.
113, 3623
List the prime factors of 17383780.
2, 5, 61, 14249
What are the prime factors of 184731?
3, 139, 443
What are the prime factors of 11024816?
2, 11, 37, 1693
What are the prime factors of 141774?
2, 3, 23629
List the prime factors of 160824.
2, 3, 6701
List the prime factors of 287314.
2, 97, 1481
List the prime factors of 1758807.
3, 65141
List the prime factors of 38293.
149, 257
What are the prime factors of 698469?
3, 232823
What are the prime factors of 162234?
2, 3, 9013
What are the prime factors of 191346?
2, 3, 31891
List the prime factors of 7635683.
11, 373, 1861
What are the prime factors of 38932?
2, 9733
What are the prime factors of 2653523?
151, 17573
What are the prime factors of 5299708?
2, 19, 137, 509
List the prime factors of 489161.
489161
List the prime factors of 1050099.
3, 350033
What are the prime factors of 1256758?
2, 628379
What are the prime factors of 26904?
2, 3, 19, 59
What are the prime factors of 13503149?
11, 1227559
What are the prime factors of 10779885?
3, 5, 43, 619
What are the prime factors of 5411752?
2, 676469
What are the prime factors of 107486?
2, 223, 241
What are the prime factors of 470526?
2, 3, 7, 17, 659
What are the prime factors of 978422?
2, 31, 43, 367
What are the prime factors of 146504?
2, 18313
List the prime factors of 1983399.
3, 11, 60103
What are the prime factors of 112273?
7, 43, 373
What are the prime factors of 1442?
2, 7, 103
List the prime factors of 9839622.
2, 3, 13, 101, 1249
What are the prime factors of 2101?
11, 191
What are the prime factors of 1667647?
1667647
What are the prime factors of 298628?
2, 11, 617
List the prime factors of 4401615.
3, 5, 293441
What are the prime factors of 6755498?
2, 47, 71867
What are the prime factors of 399130?
2, 5, 167, 239
What are the prime factors of 3077929?
23, 163, 821
What are the prime factors of 5443387?
23, 29, 8161
What are the prime factors of 2052318?
2, 3, 401, 853
What are the prime factors of 693668?
2, 17, 101
What are the prime factors of 1752056?
2, 389, 563
What are the prime factors of 16801332?
2, 3, 827, 1693
List the prime factors of 424170.
2, 3, 5, 1571
List the prime factors of 5905179.
3, 7, 67, 1399
What are the prime factors of 1689524?
2, 59, 7159
What are the prime factors of 26953584?
2, 3, 7, 97, 827
What are the prime factors of 7908049?
107, 73907
List the prime factors of 778443.
3, 37, 7013
List the prime factors of 85923.
3, 9547
What are the prime factors of 2743482?
2, 3, 7, 83, 787
List the prime factors of 148242.
2, 3, 31, 797
What are the prime factors of 16221299?
71, 228469
What are the prime factors of 18848?
2, 19, 31
What are the prime factors of 5329050?
2, 3, 5, 35527
List the prime factors of 765875.
5, 11, 557
List the prime factors of 13107607.
107, 122501
What are the prime factors of 2015253?
3, 101, 739
List the prime factors of 10764.
2, 3, 13, 23
List the prime factors of 358890.
2, 3, 5, 7, 1709
What are the prime factors of 914323?
59, 15497
What are the prime factors of 318273?
3, 277, 383
List the prime factors of 372762.
2, 3, 13, 59
What are the prime factors of 871574?
2, 11, 173, 229
List the prime factors of 98853.
3, 83, 397
What are the prime factors of 315459?
3, 35051
List the prime factors of 194064.
2, 3, 13, 311
List the prime factors of 440905.
5, 109, 809
What are the prime factors of 657633?
3, 29, 7559
List the prime factors of 1976567.
67, 29501
List the prime factors of 9805306.
2, 7, 29, 24151
What are the prime factors of 216751?
216751
List the prime factors of 122857.
7, 17551
What are the prime factors of 8481658?
2, 37, 114617
List the prime factors of 12527522.
2, 7, 83, 10781
List the prime factors of 9490344.
2, 3, 395431
List the prime factors of 3037221.
3, 11, 2789
What are the prime factors of 1232337?
3, 41, 43, 233
What are the prime factors of 625229?
11, 113, 503
What are the prime factors of 432345?
3, 5, 19, 37, 41
What are the prime factors of 1428643?
1117, 1279
What are the prime factors of 1257626?
2, 17, 47, 787
List the prime factors of 6955486.
2, 41, 271, 313
What are the prime factors of 4328193?
3, 1442731
What are the prime factors of 5016301?
5016301
What are the prime factors of 10365205?
5, 2073041
What are the prime factors of 118438?
2, 59219
What are the prime factors of 1514882?
2, 109, 6949
What are the prime factors of 42047308?
2, 2557, 4111
What are the prime factors of 965604?
2, 3, 67, 1201
What are the prime factors of 23779299?
3, 307, 25819
What are the prime factors of 785431?
785431
List the prime factors of 2026029.
3, 47, 14369
List the prime factors of 754189.
349, 2161
What are the prime factors of 106490?
2, 5, 23, 463
List the prime factors of 7623558.
2, 3, 47059
List the prime factors of 493967.
493967
What are the prime factors of 177446?
2, 17, 307
List the prime factors of 699850.
2, 5, 13997
List the prime factors of 93282.
2, 3, 7, 2221
List the prime factors of 5121587.
919, 5573
What are the prime factors of 4987503?
3, 554167
List the prime factors of 728909.
17, 53, 809
List the prime factors of 1135082.
2, 13, 149, 293
What are the prime factors of 9021451?
23, 37, 10601
List the prime factors of 6624496.
2, 414031
List the prime factors of 15461821.
83, 107, 1741
List the prime factors of 3684382.
2, 13, 141707
List the prime factors of 29063.
29063
What are the prime factors of 14811762?
2, 3, 7, 352661
What are the prime factors of 19114618?
2, 43, 47, 4729
List the prime factors of 16192518.
2, 3, 2698753
What are the prime factors of 69614?
2, 34807
What are the prime factors of 210918?
2, 3, 35153
What are the prime factors of 1122970?
2, 5, 112297
What are the prime factors of 7914077?
7914077
What are the prime factors of 235848?
2, 3, 31, 317
List the prime factors of 416446.
2, 208223
List the prime factors of 11064641.
7, 225809
What are the prime factors of 721742?
2, 7, 31, 1663
List the prime factors of 372459.
3, 124153
What are the prime factors of 1649352?
2, 3, 19, 3617
What are the prime factors of 1935365?
5, 17, 22769
List the prime factors of 168919.
31, 5449
List the prime factors of 2723198.
2, 136159